*i**2 + 2*i. Let m be a(-5). Let u = 3 - -3. What is the greatest common factor of u and m?
3
Let y be (-8)/(-44) - 400/22. Let l = -8 - y. Calculate the highest common factor of l and 80.
10
Suppose p - 3*p = 0. Suppose 3*v + o - 515 = -2*v, -3*v + 302 = 2*o. Suppose p = -4*w, 4*z + 2*w - v = -w. What is the greatest common divisor of 130 and z?
26
Let w = -4 + 34. Suppose -k + 4*v = 3*v - 10, -3*k + w = -4*v. What is the highest common factor of k and 70?
10
Suppose 0*u = -3*u + 78. Suppose 2*f + 5*k = -0*f + 29, -19 = -2*f - 3*k. Let r be (-2)/(-4) - (-129)/f. What is the highest common factor of u and r?
13
Let j(g) = -g - 2. Let q be j(-5). Suppose 0 + 12 = -2*d. Let m = q - d. What is the greatest common divisor of 45 and m?
9
Let y = 8 - 15. Let a = y - -23. Calculate the greatest common factor of 32 and a.
16
Suppose -19 - 320 = -3*y - 3*f, 3*y - 332 = 4*f. Let z be (0 - -2)*2*4. Calculate the highest common factor of z and y.
16
Let f(k) = -3*k + 5. Let z be f(-3). What is the greatest common divisor of 2 and z?
2
Suppose 12 = 3*u, 0 = -4*d - 0*u - u + 156. Calculate the highest common factor of 38 and d.
38
Let m = 6 - 3. Let b be ((-4)/m)/(4/(-6)). Suppose k + b*k - 9 = 0. What is the highest common factor of k and 6?
3
Let w = -20 - -35. Suppose z = -z + 240. Calculate the highest common factor of z and w.
15
Let y(m) = 17*m**2 - 1. Let o be y(-1). Calculate the highest common factor of o and 32.
16
Let f = 43 - 22. Let d(y) = y. Let v be d(5). Suppose 23 = v*c + z - 3*z, 0 = -c + 3*z + 15. Calculate the highest common factor of f and c.
3
Let b(s) = -6*s - 2. Let f be b(-5). Suppose -2*y = -5*y + 42. Calculate the greatest common divisor of y and f.
14
Suppose d - 4*d = 48. Let h be (-2)/((d/(-6))/(-4)). Suppose q = -h*q + 616. Calculate the greatest common divisor of 14 and q.
14
Let v(g) = -g + 9. Let f be v(5). Calculate the greatest common factor of f and 20.
4
Suppose 3*v = v. Let r be v - (-5)/(10/4). Suppose -z + 8 = 2*p, -r*z = 3*z + 2*p - 64. Calculate the greatest common divisor of 7 and z.
7
Let l be (-21)/2 + 1/2. Let b = l - -14. Suppose -55 = -i - b*i. Calculate the greatest common factor of i and 44.
11
Suppose 4*j = j + 45. Calculate the highest common divisor of 105 and j.
15
Let j be (-8)/(-28) + 19/7. Suppose 48 = -3*v - 0*c + j*c, c = 2*v + 36. Let s = 28 + v. What is the greatest common factor of s and 88?
8
Suppose 0 = -2*z - 2*v + 14, 3*v - 1 = 4*z - 8. What is the highest common divisor of z and 36?
4
Suppose j = 4*s - 5, 3*s - 1 = -j - j. What is the highest common factor of 9 and s?
1
Let w be (-7)/(-63) - 161/(-9). Calculate the greatest common divisor of 2 and w.
2
Let q(h) = 5*h. Let r = -11 - -16. Suppose 4*v + 4*t + 12 = 0, -3*v + r*t = v - 24. Let p be q(v). What is the highest common divisor of 45 and p?
5
Suppose 0 = -m - 3*m - 4*t + 96, m - 2*t = 30. What is the greatest common factor of m and 286?
26
Let l = 69 - 14. What is the highest common divisor of 22 and l?
11
Suppose 0 = -l - 1 + 3. Let c be 3/18 - 214/(-12). What is the greatest common divisor of l and c?
2
Let k be 12 + (-5)/((-20)/(-8)). Calculate the highest common divisor of 30 and k.
10
Suppose -70 = -8*g + 3*g. Let q(v) = 6*v - 10. Let n be q(2). Calculate the highest common divisor of g and n.
2
Suppose -38 + 111 = 5*h + 4*i, h - 5 = 4*i. What is the greatest common factor of 52 and h?
13
Let r = 2 - -12. Calculate the highest common divisor of r and 112.
14
Suppose -2*s - 2*v = s - 114, -v - 163 = -4*s. Let d = -3 + 8. Calculate the highest common divisor of d and s.
5
Suppose -4*x - x - 3*p + 79 = 0, 0 = x + 4*p - 26. Suppose -361 + 67 = -3*b. What is the greatest common factor of x and b?
14
Suppose -14 = 4*g - 278. What is the highest common divisor of g and 11?
11
Let p = 4 + 1. Let g = p + -5. Suppose g = -d - d + 2. Calculate the highest common factor of d and 1.
1
Let c(i) = 146*i**3 - i + 1. Let j be c(1). Suppose -o = -2*h - j, -o + 6*o = h + 721. Calculate the highest common factor of 18 and o.
18
Let a(x) = -x**2 + 10*x - 20. Let p be a(5). Calculate the greatest common divisor of p and 10.
5
Let h be (0 - 0)*2/2. Suppose -4*p = 4 - h. Let x be 3 - (-3 + 2)/p. Calculate the highest common factor of x and 8.
2
Let r(k) = -k**3 - 7*k**2 - 2*k + 4. Let g be r(-8). Suppose -2*j - 6 = -4*j. Suppose -j*a + 11 = -25. Calculate the highest common factor of a and g.
12
Let s(m) = -18*m + 2. Let k be s(-1). What is the greatest common divisor of k and 30?
10
Let s(d) = d - 1. Let n be s(9). Suppose -3*k = -k - n. What is the highest common factor of k and 2?
2
Let j = -50 + 55. Calculate the highest common divisor of 10 and j.
5
Suppose -z - 2*l + 6 = -2, -4*z - l = -32. Let s be z/(-2)*15/(-12). Let j be (s + 0)/(-4 - -5). Calculate the highest common factor of 5 and j.
5
Suppose 3*h = -3*x - 12 + 51, 4*x = 3*h + 59. Calculate the highest common divisor of x and 21.
7
Let m = 2 + 6. Suppose -p = -0*p + 10. Let w = p + 18. Calculate the greatest common divisor of m and w.
8
Let q(w) be the third derivative of -w**6/60 - w**5/20 + w**4/6 - w**3/6 - 6*w**2. Let g be q(-3). Calculate the highest common factor of g and 42.
14
Suppose -3*l + 3*v - 18 = 8*v, 0 = 3*l - v. Let g be (-4)/(1 - l)*-1. Let k = -116 - -119. Calculate the highest common divisor of k and g.
1
Let z be 6/4 - 6/(-4). Calculate the greatest common factor of z and 9.
3
Suppose 0 = r - 18 + 8. What is the greatest common divisor of r and 110?
10
Suppose -7 = 2*o - 5*g, -g - 5 = -2*o - 0*g. Suppose 4*a + 16 - 54 = -q, -4*a + o*q = -48. Calculate the greatest common divisor of a and 50.
10
Let i = 446 + -396. Suppose -60 = -3*d - 0. Calculate the highest common divisor of d and i.
10
Suppose a = -0*a + 1. Let m = 2 + -1. Let o = a + m. What is the highest common divisor of 3 and o?
1
Let u be (-20)/6*(-2 + -1). Suppose 2*l - 442 = -4*b, b - l - 13 = 96. Calculate the greatest common divisor of u and b.
10
Let s = 0 - -12. Calculate the highest common factor of s and 108.
12
Let h = -28 + 40. What is the highest common factor of 84 and h?
12
Suppose 0 = 2*c + c + 9. Let p be -213*6/(-9) - c. Calculate the highest common factor of 29 and p.
29
Let v(k) = -9*k + 2. Let g = 10 - 17. Let h be v(g). Calculate the highest common factor of 13 and h.
13
Let y(u) = -9*u - 63. Let g be y(-12). Let v = 4 + -7. Let c(x) = -x**3 - 3*x**2 - 3*x. Let w be c(v). What is the highest common factor of g and w?
9
Suppose 5*p - 34 - 76 = 0. What is the greatest common factor of p and 44?
22
Suppose -t - 3 = -8. Let u(b) = -b**3 + 4*b**2 + b - 4. Let w be u(4). Suppose w = -7*j + 3*j + 100. Calculate the greatest common factor of j and t.
5
Let a(b) = -b**3 - 11*b**2 + 9*b - 4. Let l be a(-12). Let g = -22 + l. What is the highest common factor of 2 and g?
2
Suppose 2*u - 6*u + 45 = 5*k, -3*k + 53 = 5*u. Calculate the greatest common divisor of 20 and u.
10
Let j(m) = -5*m - 2. Let a be j(-4). Calculate the greatest common factor of 9 and a.
9
Suppose -4*u + 23 = 143. Let a be 2 + 2 + -2 - u. Suppose a = 3*l + l - 4*b, 0 = -2*l - 2*b + 28. What is the greatest common divisor of l and 99?
11
Let f be 126/35 - 4/(-10). Suppose 2*u = 2*d + 6, 0 - 16 = -f*d - 3*u. Suppose 4*v - 27 = 1. What is the highest common divisor of v and d?
1
Suppose 3*j + 0 - 3 = 0, -19 = -3*w - j. Calculate the highest common factor of 174 and w.
6
Suppose -2*j = 4, 5*u - 3*j + 106 = 7*u. Let d(t) = 6*t - 4. Let s be d(3). Calculate the highest common factor of s and u.
14
Suppose 114 = 6*t + 12. Let k(v) = 2 - 6*v - 9*v - 3. Let o be k(-8). Calculate the highest common divisor of t and o.
17
Let x(b) = b**3 + 4*b**2 - 4*b + 4. Let v be x(-4). Let u = -44 + 33. Let o = v + u. Calculate the highest common factor of 3 and o.
3
Let c = 34 + -22. Let h be (-3)/c + (-74)/(-8). Suppose -3*w + 12 = t, 3*t + t - 5*w + 3 = 0. Calculate the greatest common divisor of t and h.
3
Suppose -7 = -3*i + 3*z - 4, -4*z = i - 11. Suppose -4*b = 12, -m + i*b + 18 = -2*b. Suppose m*k - 3 = 39. What is the highest common factor of 7 and k?
7
Suppose -11*a + 666 + 1039 = 0. Calculate the greatest common factor of a and 31.
31
Suppose -2*n + 297 = 7*n. What is the greatest common divisor of n and 231?
33
Suppose 17*n = 16*n + 150. Wha